{"id":481,"date":"2020-10-13T20:49:38","date_gmt":"2020-10-13T18:49:38","guid":{"rendered":"http:\/\/www.vs-damtschach.at\/?page_id=481"},"modified":"2026-04-09T15:15:37","modified_gmt":"2026-04-09T13:15:37","slug":"gts","status":"publish","type":"page","link":"https:\/\/www.vs-damtschach.at\/?page_id=481","title":{"rendered":"Ganzt\u00e4gige Schulform | Celodnevna \u0161ola  (GTS)"},"content":{"rendered":"\n<p>Die Aufgabe der ganzt\u00e4gigen Schulform (GTS) besteht darin, f\u00fcr die Kinder einen Lebensraum zu schaffen, an dem sie sich den ganzen Tag wohlf\u00fchlen k\u00f6nnen. Sie sollten Schule, Lernen, Freunde und Freizeit in anregender und angenehmer Atmosph\u00e4re verbinden k\u00f6nnen. Lernorte, Freizeit-, Kreativit\u00e4t- und Sportangebote und Raum f\u00fcr R\u00fcckzugsm\u00f6glichkeiten werden geboten. Nach dem gemeinsamen Mittagessen werden die Kinder derzeit von 13:25 bis 14:15h in zwei Gruppen von Lehrer\/innen betreut. In dieser Zeit werden die Haus\u00fcbungen erledigt bzw. Lerninhalte gefestigt und ge\u00fcbt. Um die Betreuung der Kinder au\u00dferhalb dieser Lernzeit k\u00fcmmern sich die Freizeitp\u00e4dagoginnen.<\/p>\n\n\n\n<ul>\n<li>Vanessa Bernel<\/li>\n\n\n\n<li>Waltraud Flechl<\/li>\n\n\n\n<li>Helena Hojer (Leiterin des Betreuungsteils)<\/li>\n\n\n\n<li>Kristin Hohenberger (Stellvertreterin der Leiterin)<\/li>\n\n\n\n<li>Elisabeth\u00a0Dr\u00f6scher<br><\/li>\n<\/ul>\n\n\n\n<p><strong><u>ANMELDUNG<\/u>&nbsp;|&nbsp;<u>PRIJAVA<\/u><\/strong><\/p>\n\n\n\n<p>Bei der Schuleinschreibung bzw. zu einem vorgegebenen Termin zu Beginn des Sommersemesters. Die Anmeldung ist f\u00fcr alle oder nur f\u00fcr einzelne Schultage m\u00f6glich, ist verbindlich und gilt f\u00fcr das gesamte Schuljahr.&nbsp;Anmeldungen nach dem 5. M\u00e4rz sind nur bei Verf\u00fcgbarkeit von Betreuungspl\u00e4tzen m\u00f6glich, wenn dadurch keine zus\u00e4tzliche Gruppe erforderlich ist..<\/p>\n\n\n\n<p><strong><u>KOSTEN<\/u>&nbsp;|&nbsp;<u>STRO\u0160KI<\/u><\/strong><\/p>\n\n\n\n<p>\u00dcber die H\u00f6he des Selbstkostenanteils f\u00fcr die&nbsp;Betreuung&nbsp;entscheidet die Gemeinde.&nbsp;<\/p>\n\n\n\n<p><strong>Derzeitige Kosten f\u00fcr den Betreuungsteil | Trenutni&nbsp;&nbsp;stro\u0161ki:<\/strong><\/p>\n\n\n\n<ul>\n<li><strong>\u20ac 6,70 <\/strong>pro Betreuungstag&nbsp;<\/li>\n<\/ul>\n\n\n\n<p><strong>Essensbeitrag | Prispevek za kosilo:<\/strong><\/p>\n\n\n\n<ul>\n<li> <strong>\u20ac 5,70&nbsp;<\/strong>pro Portion<\/li>\n<\/ul>\n\n\n\n<p><strong>Beitragserm\u00e4\u00dfigung:&nbsp;<\/strong><\/p>\n\n\n\n<p>Besuchen mehrere Kinder aus einer Familie gleichzeitig die schulische Tagesbetreuung, wird der Elternbeitrag f\u00fcr jedes weitere Kind um 50 % reduziert. Diese Regelung gilt nicht f\u00fcr den Verpflegungskostenbeitrag.&nbsp;<\/p>\n\n\n\n<p><strong><u>ANWESENHEITSPFLICHT<\/u>&nbsp;|&nbsp;<u>OBVEZNOST NAVZO\u010cNOSTI<\/u><\/strong><\/p>\n\n\n\n<p>Um ein qualitativ hochwertiges Angebot f\u00fcr die Kinder bieten zu k\u00f6nnen, ist es notwendig eine entsprechende Zeitspanne f\u00fcr die Arbeit mit den Kindern zur Verf\u00fcgung zu haben. Deswegen ist nach erfolgter Anmeldung die Betreuung&nbsp;<strong><u>bis mind. 16:00h<\/u><\/strong>&nbsp;vorgesehen und erm\u00f6glicht Lernen und Freizeit zur F\u00f6rderung der Kinder.&nbsp;Sch\u00fclerinnen und Sch\u00fcler sind verpflichtet, den Betreuungsteil regelm\u00e4\u00dfig und p\u00fcnktlich zu besuchen.<br>Das Fernbleiben vom Betreuungsteil ist nur bei gerechtfertigter Verhinderung und bedarf der Erlaubnis der Leiterin des Betreuungsteils oder der Schulleitung.<\/p>\n\n\n\n<p><strong><u>\u00d6FFNUNGSZEITEN<\/u>&nbsp;|&nbsp;<u>OBRATOVALNI&nbsp;<\/u><\/strong><strong><u>\u010cAS<\/u>:<\/strong><\/p>\n\n\n\n<p>Montag bis Freitag: ab Unterrichtsende bis 16:00h | Od ponedeljka do petka: od konca pouka do 16:00h<\/p>\n\n\n\n<p><strong><u>ABMELDUNG<\/u>&nbsp;&nbsp;|&nbsp;<u>ODJAVA<\/u><\/strong><\/p>\n\n\n\n<p>W\u00e4hrend des Unterrichtsjahres ist eine Abmeldung vom Betreuungsteil&nbsp;<strong><u>nur zum Ende des ersten Semesters<\/u><\/strong>&nbsp;m\u00f6glich. Diese Abmeldung hat sp\u00e4testens drei Wochen vor dem Ende des ersten Semesters zu erfolgen.<\/p>\n\n\n\n<div data-wp-interactive=\"\" class=\"wp-block-file\"><object data-wp-bind--hidden=\"!selectors.core.file.hasPdfPreview\" hidden class=\"wp-block-file__embed\" data=\"https:\/\/www.vs-damtschach.at\/wp-content\/uploads\/2025\/09\/VO_Tarife_GTS.pdf\" type=\"application\/pdf\" style=\"width:100%;height:600px\" aria-label=\"Einbettung von VO_Tarife_GTS.\"><\/object><a id=\"wp-block-file--media-82e9c911-0595-4b8c-8678-a2a446d70593\" href=\"https:\/\/www.vs-damtschach.at\/wp-content\/uploads\/2025\/09\/VO_Tarife_GTS.pdf\">VO_Tarife_GTS<\/a><a href=\"https:\/\/www.vs-damtschach.at\/wp-content\/uploads\/2025\/09\/VO_Tarife_GTS.pdf\" class=\"wp-block-file__button wp-element-button\" download aria-describedby=\"wp-block-file--media-82e9c911-0595-4b8c-8678-a2a446d70593\">Herunterladen<\/a><\/div>\n\n\n\n<figure class=\"wp-block-gallery has-nested-images columns-1 is-cropped wp-block-gallery-1 is-layout-flex wp-block-gallery-is-layout-flex\">\n<figure class=\"wp-block-image size-large\"><img loading=\"lazy\" decoding=\"async\" width=\"768\" height=\"1024\" data-id=\"513\" src=\"https:\/\/www.vs-damtschach.at\/wp-content\/uploads\/2020\/10\/20201021_152217-768x1024.jpg\" alt=\"\" class=\"wp-image-513\" srcset=\"https:\/\/www.vs-damtschach.at\/wp-content\/uploads\/2020\/10\/20201021_152217-768x1024.jpg 768w, https:\/\/www.vs-damtschach.at\/wp-content\/uploads\/2020\/10\/20201021_152217-225x300.jpg 225w, https:\/\/www.vs-damtschach.at\/wp-content\/uploads\/2020\/10\/20201021_152217-1152x1536.jpg 1152w, https:\/\/www.vs-damtschach.at\/wp-content\/uploads\/2020\/10\/20201021_152217-1536x2048.jpg 1536w, https:\/\/www.vs-damtschach.at\/wp-content\/uploads\/2020\/10\/20201021_152217-696x928.jpg 696w, https:\/\/www.vs-damtschach.at\/wp-content\/uploads\/2020\/10\/20201021_152217-1068x1424.jpg 1068w, https:\/\/www.vs-damtschach.at\/wp-content\/uploads\/2020\/10\/20201021_152217-315x420.jpg 315w, https:\/\/www.vs-damtschach.at\/wp-content\/uploads\/2020\/10\/20201021_152217-scaled.jpg 1920w\" sizes=\"(max-width: 768px) 100vw, 768px\" \/><\/figure>\n<\/figure>\n\n\n\n<figure class=\"wp-block-gallery has-nested-images columns-default is-cropped wp-block-gallery-2 is-layout-flex wp-block-gallery-is-layout-flex\">\n<figure class=\"wp-block-image size-large\"><img loading=\"lazy\" decoding=\"async\" width=\"1024\" height=\"774\" data-id=\"1409\" src=\"https:\/\/www.vs-damtschach.at\/wp-content\/uploads\/2023\/01\/Bildschirmfoto-2023-01-30-um-19.56.36-1024x774.png\" alt=\"\" class=\"wp-image-1409\" srcset=\"https:\/\/www.vs-damtschach.at\/wp-content\/uploads\/2023\/01\/Bildschirmfoto-2023-01-30-um-19.56.36-1024x774.png 1024w, https:\/\/www.vs-damtschach.at\/wp-content\/uploads\/2023\/01\/Bildschirmfoto-2023-01-30-um-19.56.36-300x227.png 300w, https:\/\/www.vs-damtschach.at\/wp-content\/uploads\/2023\/01\/Bildschirmfoto-2023-01-30-um-19.56.36-768x581.png 768w, https:\/\/www.vs-damtschach.at\/wp-content\/uploads\/2023\/01\/Bildschirmfoto-2023-01-30-um-19.56.36-1536x1161.png 1536w, https:\/\/www.vs-damtschach.at\/wp-content\/uploads\/2023\/01\/Bildschirmfoto-2023-01-30-um-19.56.36-2048x1548.png 2048w, https:\/\/www.vs-damtschach.at\/wp-content\/uploads\/2023\/01\/Bildschirmfoto-2023-01-30-um-19.56.36-696x526.png 696w, https:\/\/www.vs-damtschach.at\/wp-content\/uploads\/2023\/01\/Bildschirmfoto-2023-01-30-um-19.56.36-1068x807.png 1068w, https:\/\/www.vs-damtschach.at\/wp-content\/uploads\/2023\/01\/Bildschirmfoto-2023-01-30-um-19.56.36-556x420.png 556w, https:\/\/www.vs-damtschach.at\/wp-content\/uploads\/2023\/01\/Bildschirmfoto-2023-01-30-um-19.56.36-80x60.png 80w\" sizes=\"(max-width: 1024px) 100vw, 1024px\" \/><\/figure>\n\n\n\n<figure class=\"wp-block-image size-large\"><img loading=\"lazy\" decoding=\"async\" width=\"1024\" height=\"709\" data-id=\"1410\" src=\"https:\/\/www.vs-damtschach.at\/wp-content\/uploads\/2023\/01\/Bildschirmfoto-2023-01-30-um-19.50.39-1024x709.png\" alt=\"\" class=\"wp-image-1410\" srcset=\"https:\/\/www.vs-damtschach.at\/wp-content\/uploads\/2023\/01\/Bildschirmfoto-2023-01-30-um-19.50.39-1024x709.png 1024w, https:\/\/www.vs-damtschach.at\/wp-content\/uploads\/2023\/01\/Bildschirmfoto-2023-01-30-um-19.50.39-300x208.png 300w, https:\/\/www.vs-damtschach.at\/wp-content\/uploads\/2023\/01\/Bildschirmfoto-2023-01-30-um-19.50.39-768x532.png 768w, https:\/\/www.vs-damtschach.at\/wp-content\/uploads\/2023\/01\/Bildschirmfoto-2023-01-30-um-19.50.39-1536x1064.png 1536w, https:\/\/www.vs-damtschach.at\/wp-content\/uploads\/2023\/01\/Bildschirmfoto-2023-01-30-um-19.50.39-2048x1418.png 2048w, https:\/\/www.vs-damtschach.at\/wp-content\/uploads\/2023\/01\/Bildschirmfoto-2023-01-30-um-19.50.39-218x150.png 218w, https:\/\/www.vs-damtschach.at\/wp-content\/uploads\/2023\/01\/Bildschirmfoto-2023-01-30-um-19.50.39-696x482.png 696w, https:\/\/www.vs-damtschach.at\/wp-content\/uploads\/2023\/01\/Bildschirmfoto-2023-01-30-um-19.50.39-1068x739.png 1068w, https:\/\/www.vs-damtschach.at\/wp-content\/uploads\/2023\/01\/Bildschirmfoto-2023-01-30-um-19.50.39-607x420.png 607w, https:\/\/www.vs-damtschach.at\/wp-content\/uploads\/2023\/01\/Bildschirmfoto-2023-01-30-um-19.50.39-100x70.png 100w\" sizes=\"(max-width: 1024px) 100vw, 1024px\" \/><\/figure>\n\n\n\n<figure class=\"wp-block-image size-large\"><img loading=\"lazy\" decoding=\"async\" width=\"1024\" height=\"478\" data-id=\"1412\" src=\"https:\/\/www.vs-damtschach.at\/wp-content\/uploads\/2023\/01\/Bildschirmfoto-2023-01-30-um-19.56.19-1024x478.png\" alt=\"\" class=\"wp-image-1412\" srcset=\"https:\/\/www.vs-damtschach.at\/wp-content\/uploads\/2023\/01\/Bildschirmfoto-2023-01-30-um-19.56.19-1024x478.png 1024w, https:\/\/www.vs-damtschach.at\/wp-content\/uploads\/2023\/01\/Bildschirmfoto-2023-01-30-um-19.56.19-300x140.png 300w, https:\/\/www.vs-damtschach.at\/wp-content\/uploads\/2023\/01\/Bildschirmfoto-2023-01-30-um-19.56.19-768x358.png 768w, https:\/\/www.vs-damtschach.at\/wp-content\/uploads\/2023\/01\/Bildschirmfoto-2023-01-30-um-19.56.19-1536x717.png 1536w, https:\/\/www.vs-damtschach.at\/wp-content\/uploads\/2023\/01\/Bildschirmfoto-2023-01-30-um-19.56.19-2048x956.png 2048w, https:\/\/www.vs-damtschach.at\/wp-content\/uploads\/2023\/01\/Bildschirmfoto-2023-01-30-um-19.56.19-696x325.png 696w, https:\/\/www.vs-damtschach.at\/wp-content\/uploads\/2023\/01\/Bildschirmfoto-2023-01-30-um-19.56.19-1068x498.png 1068w, https:\/\/www.vs-damtschach.at\/wp-content\/uploads\/2023\/01\/Bildschirmfoto-2023-01-30-um-19.56.19-900x420.png 900w\" sizes=\"(max-width: 1024px) 100vw, 1024px\" \/><\/figure>\n<\/figure>\n\n\n\n<figure class=\"wp-block-gallery has-nested-images columns-default is-cropped wp-block-gallery-3 is-layout-flex wp-block-gallery-is-layout-flex\">\n<figure class=\"wp-block-image size-large\"><img loading=\"lazy\" decoding=\"async\" width=\"768\" height=\"1024\" data-id=\"2758\" src=\"https:\/\/www.vs-damtschach.at\/wp-content\/uploads\/2025\/01\/WhatsApp-Image-2025-01-14-at-18.22.57-1-768x1024.jpg\" alt=\"\" class=\"wp-image-2758\" srcset=\"https:\/\/www.vs-damtschach.at\/wp-content\/uploads\/2025\/01\/WhatsApp-Image-2025-01-14-at-18.22.57-1-768x1024.jpg 768w, https:\/\/www.vs-damtschach.at\/wp-content\/uploads\/2025\/01\/WhatsApp-Image-2025-01-14-at-18.22.57-1-225x300.jpg 225w, https:\/\/www.vs-damtschach.at\/wp-content\/uploads\/2025\/01\/WhatsApp-Image-2025-01-14-at-18.22.57-1-1152x1536.jpg 1152w, https:\/\/www.vs-damtschach.at\/wp-content\/uploads\/2025\/01\/WhatsApp-Image-2025-01-14-at-18.22.57-1-696x928.jpg 696w, https:\/\/www.vs-damtschach.at\/wp-content\/uploads\/2025\/01\/WhatsApp-Image-2025-01-14-at-18.22.57-1-1068x1424.jpg 1068w, https:\/\/www.vs-damtschach.at\/wp-content\/uploads\/2025\/01\/WhatsApp-Image-2025-01-14-at-18.22.57-1-315x420.jpg 315w, https:\/\/www.vs-damtschach.at\/wp-content\/uploads\/2025\/01\/WhatsApp-Image-2025-01-14-at-18.22.57-1.jpg 1536w\" sizes=\"(max-width: 768px) 100vw, 768px\" \/><\/figure>\n\n\n\n<figure class=\"wp-block-image size-large\"><img loading=\"lazy\" decoding=\"async\" width=\"1024\" height=\"768\" data-id=\"2759\" src=\"https:\/\/www.vs-damtschach.at\/wp-content\/uploads\/2025\/01\/WhatsApp-Image-2025-01-14-at-18.22.57-2-1024x768.jpg\" alt=\"\" class=\"wp-image-2759\" srcset=\"https:\/\/www.vs-damtschach.at\/wp-content\/uploads\/2025\/01\/WhatsApp-Image-2025-01-14-at-18.22.57-2-1024x768.jpg 1024w, https:\/\/www.vs-damtschach.at\/wp-content\/uploads\/2025\/01\/WhatsApp-Image-2025-01-14-at-18.22.57-2-300x225.jpg 300w, https:\/\/www.vs-damtschach.at\/wp-content\/uploads\/2025\/01\/WhatsApp-Image-2025-01-14-at-18.22.57-2-768x576.jpg 768w, https:\/\/www.vs-damtschach.at\/wp-content\/uploads\/2025\/01\/WhatsApp-Image-2025-01-14-at-18.22.57-2-1536x1152.jpg 1536w, https:\/\/www.vs-damtschach.at\/wp-content\/uploads\/2025\/01\/WhatsApp-Image-2025-01-14-at-18.22.57-2-696x522.jpg 696w, https:\/\/www.vs-damtschach.at\/wp-content\/uploads\/2025\/01\/WhatsApp-Image-2025-01-14-at-18.22.57-2-1068x801.jpg 1068w, https:\/\/www.vs-damtschach.at\/wp-content\/uploads\/2025\/01\/WhatsApp-Image-2025-01-14-at-18.22.57-2-560x420.jpg 560w, https:\/\/www.vs-damtschach.at\/wp-content\/uploads\/2025\/01\/WhatsApp-Image-2025-01-14-at-18.22.57-2-80x60.jpg 80w, https:\/\/www.vs-damtschach.at\/wp-content\/uploads\/2025\/01\/WhatsApp-Image-2025-01-14-at-18.22.57-2-265x198.jpg 265w, https:\/\/www.vs-damtschach.at\/wp-content\/uploads\/2025\/01\/WhatsApp-Image-2025-01-14-at-18.22.57-2.jpg 2016w\" sizes=\"(max-width: 1024px) 100vw, 1024px\" \/><\/figure>\n\n\n\n<figure class=\"wp-block-image size-large\"><img loading=\"lazy\" decoding=\"async\" width=\"768\" height=\"1024\" data-id=\"2760\" src=\"https:\/\/www.vs-damtschach.at\/wp-content\/uploads\/2025\/01\/WhatsApp-Image-2025-01-14-at-18.22.57-3-768x1024.jpg\" alt=\"\" class=\"wp-image-2760\" srcset=\"https:\/\/www.vs-damtschach.at\/wp-content\/uploads\/2025\/01\/WhatsApp-Image-2025-01-14-at-18.22.57-3-768x1024.jpg 768w, https:\/\/www.vs-damtschach.at\/wp-content\/uploads\/2025\/01\/WhatsApp-Image-2025-01-14-at-18.22.57-3-225x300.jpg 225w, https:\/\/www.vs-damtschach.at\/wp-content\/uploads\/2025\/01\/WhatsApp-Image-2025-01-14-at-18.22.57-3-1152x1536.jpg 1152w, https:\/\/www.vs-damtschach.at\/wp-content\/uploads\/2025\/01\/WhatsApp-Image-2025-01-14-at-18.22.57-3-696x928.jpg 696w, https:\/\/www.vs-damtschach.at\/wp-content\/uploads\/2025\/01\/WhatsApp-Image-2025-01-14-at-18.22.57-3-1068x1424.jpg 1068w, https:\/\/www.vs-damtschach.at\/wp-content\/uploads\/2025\/01\/WhatsApp-Image-2025-01-14-at-18.22.57-3-315x420.jpg 315w, https:\/\/www.vs-damtschach.at\/wp-content\/uploads\/2025\/01\/WhatsApp-Image-2025-01-14-at-18.22.57-3.jpg 1200w\" sizes=\"(max-width: 768px) 100vw, 768px\" \/><\/figure>\n\n\n\n<figure class=\"wp-block-image size-large\"><img loading=\"lazy\" decoding=\"async\" width=\"768\" height=\"1024\" data-id=\"2761\" src=\"https:\/\/www.vs-damtschach.at\/wp-content\/uploads\/2025\/01\/WhatsApp-Image-2025-01-14-at-18.22.57-768x1024.jpg\" alt=\"\" class=\"wp-image-2761\" srcset=\"https:\/\/www.vs-damtschach.at\/wp-content\/uploads\/2025\/01\/WhatsApp-Image-2025-01-14-at-18.22.57-768x1024.jpg 768w, https:\/\/www.vs-damtschach.at\/wp-content\/uploads\/2025\/01\/WhatsApp-Image-2025-01-14-at-18.22.57-225x300.jpg 225w, https:\/\/www.vs-damtschach.at\/wp-content\/uploads\/2025\/01\/WhatsApp-Image-2025-01-14-at-18.22.57-1152x1536.jpg 1152w, https:\/\/www.vs-damtschach.at\/wp-content\/uploads\/2025\/01\/WhatsApp-Image-2025-01-14-at-18.22.57-696x928.jpg 696w, https:\/\/www.vs-damtschach.at\/wp-content\/uploads\/2025\/01\/WhatsApp-Image-2025-01-14-at-18.22.57-1068x1424.jpg 1068w, https:\/\/www.vs-damtschach.at\/wp-content\/uploads\/2025\/01\/WhatsApp-Image-2025-01-14-at-18.22.57-315x420.jpg 315w, https:\/\/www.vs-damtschach.at\/wp-content\/uploads\/2025\/01\/WhatsApp-Image-2025-01-14-at-18.22.57.jpg 1536w\" sizes=\"(max-width: 768px) 100vw, 768px\" \/><\/figure>\n\n\n\n<figure class=\"wp-block-image size-large\"><img loading=\"lazy\" decoding=\"async\" width=\"768\" height=\"1024\" data-id=\"2762\" src=\"https:\/\/www.vs-damtschach.at\/wp-content\/uploads\/2025\/01\/WhatsApp-Image-2025-01-14-at-18.22.58-768x1024.jpg\" alt=\"\" class=\"wp-image-2762\" srcset=\"https:\/\/www.vs-damtschach.at\/wp-content\/uploads\/2025\/01\/WhatsApp-Image-2025-01-14-at-18.22.58-768x1024.jpg 768w, https:\/\/www.vs-damtschach.at\/wp-content\/uploads\/2025\/01\/WhatsApp-Image-2025-01-14-at-18.22.58-225x300.jpg 225w, https:\/\/www.vs-damtschach.at\/wp-content\/uploads\/2025\/01\/WhatsApp-Image-2025-01-14-at-18.22.58-1152x1536.jpg 1152w, https:\/\/www.vs-damtschach.at\/wp-content\/uploads\/2025\/01\/WhatsApp-Image-2025-01-14-at-18.22.58-696x928.jpg 696w, https:\/\/www.vs-damtschach.at\/wp-content\/uploads\/2025\/01\/WhatsApp-Image-2025-01-14-at-18.22.58-1068x1424.jpg 1068w, https:\/\/www.vs-damtschach.at\/wp-content\/uploads\/2025\/01\/WhatsApp-Image-2025-01-14-at-18.22.58-315x420.jpg 315w, https:\/\/www.vs-damtschach.at\/wp-content\/uploads\/2025\/01\/WhatsApp-Image-2025-01-14-at-18.22.58.jpg 1536w\" sizes=\"(max-width: 768px) 100vw, 768px\" \/><\/figure>\n<\/figure>\n\n\n\n<figure class=\"wp-block-gallery has-nested-images columns-default is-cropped wp-block-gallery-4 is-layout-flex wp-block-gallery-is-layout-flex\">\n<figure class=\"wp-block-image size-large\"><img loading=\"lazy\" decoding=\"async\" width=\"760\" height=\"1024\" data-id=\"3316\" src=\"https:\/\/www.vs-damtschach.at\/wp-content\/uploads\/2025\/09\/Urkunde-GTS-760x1024.jpg\" alt=\"\" class=\"wp-image-3316\" srcset=\"https:\/\/www.vs-damtschach.at\/wp-content\/uploads\/2025\/09\/Urkunde-GTS-760x1024.jpg 760w, https:\/\/www.vs-damtschach.at\/wp-content\/uploads\/2025\/09\/Urkunde-GTS-223x300.jpg 223w, https:\/\/www.vs-damtschach.at\/wp-content\/uploads\/2025\/09\/Urkunde-GTS-768x1035.jpg 768w, https:\/\/www.vs-damtschach.at\/wp-content\/uploads\/2025\/09\/Urkunde-GTS-1140x1536.jpg 1140w, https:\/\/www.vs-damtschach.at\/wp-content\/uploads\/2025\/09\/Urkunde-GTS-696x938.jpg 696w, https:\/\/www.vs-damtschach.at\/wp-content\/uploads\/2025\/09\/Urkunde-GTS-1068x1440.jpg 1068w, https:\/\/www.vs-damtschach.at\/wp-content\/uploads\/2025\/09\/Urkunde-GTS-312x420.jpg 312w, https:\/\/www.vs-damtschach.at\/wp-content\/uploads\/2025\/09\/Urkunde-GTS.jpg 1506w\" sizes=\"(max-width: 760px) 100vw, 760px\" \/><\/figure>\n\n\n\n<figure class=\"wp-block-image size-large\"><img loading=\"lazy\" decoding=\"async\" width=\"735\" height=\"1024\" data-id=\"3317\" src=\"https:\/\/www.vs-damtschach.at\/wp-content\/uploads\/2025\/09\/Brief-GTS-735x1024.jpg\" alt=\"\" class=\"wp-image-3317\" srcset=\"https:\/\/www.vs-damtschach.at\/wp-content\/uploads\/2025\/09\/Brief-GTS-735x1024.jpg 735w, https:\/\/www.vs-damtschach.at\/wp-content\/uploads\/2025\/09\/Brief-GTS-215x300.jpg 215w, https:\/\/www.vs-damtschach.at\/wp-content\/uploads\/2025\/09\/Brief-GTS-768x1070.jpg 768w, https:\/\/www.vs-damtschach.at\/wp-content\/uploads\/2025\/09\/Brief-GTS-1102x1536.jpg 1102w, https:\/\/www.vs-damtschach.at\/wp-content\/uploads\/2025\/09\/Brief-GTS-696x970.jpg 696w, https:\/\/www.vs-damtschach.at\/wp-content\/uploads\/2025\/09\/Brief-GTS-1068x1489.jpg 1068w, https:\/\/www.vs-damtschach.at\/wp-content\/uploads\/2025\/09\/Brief-GTS-301x420.jpg 301w, https:\/\/www.vs-damtschach.at\/wp-content\/uploads\/2025\/09\/Brief-GTS.jpg 1427w\" sizes=\"(max-width: 735px) 100vw, 735px\" \/><\/figure>\n<\/figure>\n","protected":false},"excerpt":{"rendered":"<p>Die Aufgabe der ganzt\u00e4gigen Schulform (GTS) besteht darin, f\u00fcr die Kinder einen Lebensraum zu schaffen, an dem sie sich den ganzen Tag wohlf\u00fchlen k\u00f6nnen. Sie sollten Schule, Lernen, Freunde und Freizeit in anregender und angenehmer Atmosph\u00e4re verbinden k\u00f6nnen. Lernorte, Freizeit-, Kreativit\u00e4t- und Sportangebote und Raum f\u00fcr R\u00fcckzugsm\u00f6glichkeiten werden geboten. Nach dem gemeinsamen Mittagessen werden die [&hellip;]<\/p>\n","protected":false},"author":3,"featured_media":0,"parent":0,"menu_order":0,"comment_status":"closed","ping_status":"closed","template":"","meta":{"footnotes":""},"_links":{"self":[{"href":"https:\/\/www.vs-damtschach.at\/index.php?rest_route=\/wp\/v2\/pages\/481"}],"collection":[{"href":"https:\/\/www.vs-damtschach.at\/index.php?rest_route=\/wp\/v2\/pages"}],"about":[{"href":"https:\/\/www.vs-damtschach.at\/index.php?rest_route=\/wp\/v2\/types\/page"}],"author":[{"embeddable":true,"href":"https:\/\/www.vs-damtschach.at\/index.php?rest_route=\/wp\/v2\/users\/3"}],"replies":[{"embeddable":true,"href":"https:\/\/www.vs-damtschach.at\/index.php?rest_route=%2Fwp%2Fv2%2Fcomments&post=481"}],"version-history":[{"count":24,"href":"https:\/\/www.vs-damtschach.at\/index.php?rest_route=\/wp\/v2\/pages\/481\/revisions"}],"predecessor-version":[{"id":3798,"href":"https:\/\/www.vs-damtschach.at\/index.php?rest_route=\/wp\/v2\/pages\/481\/revisions\/3798"}],"wp:attachment":[{"href":"https:\/\/www.vs-damtschach.at\/index.php?rest_route=%2Fwp%2Fv2%2Fmedia&parent=481"}],"curies":[{"name":"wp","href":"https:\/\/api.w.org\/{rel}","templated":true}]}}