{"id":483,"date":"2020-10-13T20:39:04","date_gmt":"2020-10-13T18:39:04","guid":{"rendered":"http:\/\/www.vs-damtschach.at\/?page_id=483"},"modified":"2024-09-16T17:26:16","modified_gmt":"2024-09-16T15:26:16","slug":"unterricht-pouk","status":"publish","type":"page","link":"https:\/\/www.vs-damtschach.at\/?page_id=483","title":{"rendered":"Der Unterricht | Pouk"},"content":{"rendered":"\n<h2 class=\"wp-block-heading\"><strong><u>Unterrichtszeiten | Urnik<\/u><\/strong><\/h2>\n\n\n\n<figure class=\"wp-block-table is-style-stripes\"><table class=\"has-fixed-layout\"><tbody><tr><td class=\"has-text-align-left\" data-align=\"left\">   <strong>Stunde | Ura<\/strong><\/td><\/tr><tr><td class=\"has-text-align-left\" data-align=\"left\"><strong>0.<\/strong> 07:30 \u2013 07:55<\/td><\/tr><tr><td class=\"has-text-align-left\" data-align=\"left\"><strong>1.<\/strong> 08:00 \u2013 08:50<\/td><\/tr><tr><td class=\"has-text-align-left\" data-align=\"left\"><strong>2.<\/strong> 08:50 \u2013 09:40<\/td><\/tr><tr><td class=\"has-text-align-left\" data-align=\"left\"><strong>Pause | Odmor<\/strong><\/td><\/tr><tr><td class=\"has-text-align-left\" data-align=\"left\"><strong>3.<\/strong> 09:55 \u2013 10:45<\/td><\/tr><tr><td class=\"has-text-align-left\" data-align=\"left\"><strong>4.<\/strong> 10:45 \u2013 11:35<\/td><\/tr><tr><td class=\"has-text-align-left\" data-align=\"left\"><strong>Pause | Odmor<\/strong><\/td><\/tr><tr><td class=\"has-text-align-left\" data-align=\"left\"><strong>5.<\/strong> 11:45 \u2013 12:35<\/td><\/tr><tr><td class=\"has-text-align-left\" data-align=\"left\"><strong>6.<\/strong> 12:35 \u2013 13:25<\/td><\/tr><tr><td class=\"has-text-align-left\" data-align=\"left\"><strong>7.<\/strong> 13:25 \u2013 14:15<\/td><\/tr><\/tbody><\/table><\/figure>\n\n\n\n<h2 class=\"wp-block-heading\"><strong><u>Bildungsangebot | Izobra\u017eevalne ponudbe<\/u><\/strong><\/h2>\n\n\n\n<p><strong>Eine Schule \u2013 vier Sprachen | Ena \u0161ola \u2013 \u0161tiri jezikov<\/strong><\/p>\n\n\n\n<ul>\n<li>Zweisprachiger Unterricht (Deutsch \u2013 Slowenisch)<\/li>\n\n\n\n<li>Englisch integrativ (1.+2.)<\/li>\n\n\n\n<li>Englisch Verbindliche \u00dcbung (3.+4.)<\/li>\n\n\n\n<li>Italienisch Zusatzangebot (4.)<\/li>\n<\/ul>\n\n\n\n<p><strong>Zweisprachiger Unterricht | Dvojezi\u010dni pouk<\/strong><\/p>\n\n\n\n<ul>\n<li>Anmeldung im Rahmen der Schuleinschreibung bzw. zu Beginn eines neuen Schuljahres<\/li>\n\n\n\n<li>In allen Gegenst\u00e4nden in ann\u00e4hernd gleichem Ausma\u00df in deutscher und slowenischer Sprache<\/li>\n\n\n\n<li>Keine Vorkenntnisse notwendig<\/li>\n<\/ul>\n\n\n\n<p><strong>Bewegung und Sport | Gibanje in \u0161port<\/strong><\/p>\n\n\n\n<ul>\n<li>Schulsportg\u00fctesiegel<\/li>\n\n\n\n<li>Programm: Kinder gesund bewegen<\/li>\n\n\n\n<li>T\u00e4gliche Bewegungseinheit (1.+2. Klassen)<\/li>\n\n\n\n<li>Wettbewerbe: Crosscountry Lauf, Bezirksschischulrennen, Schwimmen, Leichtathletik,\u2026<\/li>\n\n\n\n<li>Schisicherheitstag<\/li>\n\n\n\n<li>Wintersporttag<\/li>\n\n\n\n<li>Schikurs (2.+3. Klassen, 3 Tage)<\/li>\n\n\n\n<li>Schwimmkurs (3. Klassen, 3 Tage)<\/li>\n\n\n\n<li>Freiwillige Radfahrpr\u00fcfung<\/li>\n\n\n\n<li>Geblockte Stunden (Eislaufen)<\/li>\n\n\n\n<li>RAIKA Fu\u00dfballcup<\/li>\n<\/ul>\n\n\n\n<p><strong>Digitales Lernen | Digitalno u\u010denje<\/strong><\/p>\n\n\n\n<ul>\n<li>Einsatz von I-Pads<\/li>\n\n\n\n<li>Digitales Mitteilungsheft Schoolfox<\/li>\n\n\n\n<li>Aktuelle Website<\/li>\n\n\n\n<li>Digitales Klassenbuch<\/li>\n\n\n\n<li>Gesunder Umgang mit digitalen Medien \u2013 Safer Internet<\/li>\n<\/ul>\n\n\n\n<p><strong>Schule als Ort der Kunst- und Kulturvermittlung | Umetnost in kultura<\/strong><\/p>\n\n\n\n<ul>\n<li>Unverbindliche \u00dcbung Chorgesang <\/li>\n\n\n\n<li>Unverbindliche \u00dcbung Spielmusik <\/li>\n\n\n\n<li>G\u00fctesiegel: Singende-klingende Schule<\/li>\n\n\n\n<li>Mitgestaltung von Kulturveranstaltungen<\/li>\n\n\n\n<li>Kreatives Gestalten im Unterricht<\/li>\n\n\n\n<li>Kunstprojekte, Theaterbesuch<\/li>\n<\/ul>\n\n\n\n<p><strong>Weitere Aktivit\u00e4ten und Projekte | Nadaljne aktivnosti<\/strong><\/p>\n\n\n\n<ul>\n<li>Waldp\u00e4dagogik<\/li>\n\n\n\n<li>Gesunde Schule<\/li>\n\n\n\n<li>Sozialprojekte<\/li>\n\n\n\n<li>Spracherlebnistag in Italien bzw. Slowenien<\/li>\n\n\n\n<li>Projekttage der 4. Klassen&nbsp;<\/li>\n\n\n\n<li>Kooperation Kindergarten &#8211; Schule<\/li>\n<\/ul>\n","protected":false},"excerpt":{"rendered":"<p>Unterrichtszeiten | Urnik Stunde | Ura 0. 07:30 \u2013 07:55 1. 08:00 \u2013 08:50 2. 08:50 \u2013 09:40 Pause | Odmor 3. 09:55 \u2013 10:45 4. 10:45 \u2013 11:35 Pause | Odmor 5. 11:45 \u2013 12:35 6. 12:35 \u2013 13:25 7. 13:25 \u2013 14:15 Bildungsangebot | Izobra\u017eevalne ponudbe Eine Schule \u2013 vier Sprachen | Ena [&hellip;]<\/p>\n","protected":false},"author":3,"featured_media":0,"parent":0,"menu_order":0,"comment_status":"closed","ping_status":"closed","template":"","meta":{"footnotes":""},"_links":{"self":[{"href":"https:\/\/www.vs-damtschach.at\/index.php?rest_route=\/wp\/v2\/pages\/483"}],"collection":[{"href":"https:\/\/www.vs-damtschach.at\/index.php?rest_route=\/wp\/v2\/pages"}],"about":[{"href":"https:\/\/www.vs-damtschach.at\/index.php?rest_route=\/wp\/v2\/types\/page"}],"author":[{"embeddable":true,"href":"https:\/\/www.vs-damtschach.at\/index.php?rest_route=\/wp\/v2\/users\/3"}],"replies":[{"embeddable":true,"href":"https:\/\/www.vs-damtschach.at\/index.php?rest_route=%2Fwp%2Fv2%2Fcomments&post=483"}],"version-history":[{"count":4,"href":"https:\/\/www.vs-damtschach.at\/index.php?rest_route=\/wp\/v2\/pages\/483\/revisions"}],"predecessor-version":[{"id":2511,"href":"https:\/\/www.vs-damtschach.at\/index.php?rest_route=\/wp\/v2\/pages\/483\/revisions\/2511"}],"wp:attachment":[{"href":"https:\/\/www.vs-damtschach.at\/index.php?rest_route=%2Fwp%2Fv2%2Fmedia&parent=483"}],"curies":[{"name":"wp","href":"https:\/\/api.w.org\/{rel}","templated":true}]}}